e -3*u + 4*q = 241, u - 3*q + y = -0*q. Let s = u - -155. What is the units digit of s?
6
Let v = 21547 + 11439. What is the units digit of v?
6
Let c(z) = -3*z**3 - 9*z**2 - 4*z + 14. Let m be c(-4). Suppose -m*f - 1269 = -87*f. What is the hundreds digit of f?
1
Let f(z) = -321*z - 2030. What is the units digit of f(-23)?
3
Suppose r = -p + 9, 2*r = -4*p - 6 + 18. What is the tens digit of (-918)/r*(-2 + -4) + -3?
5
Let t = -3 + 6. Let x(c) = 6 + 13*c**2 - 3*c**3 - 4*c + c**t + c**3 - 18. What is the tens digit of x(10)?
4
Let j(z) = -z**3 - 5*z**2 + 1. Let s be j(-4). Let x = s - 26. What is the tens digit of (-1)/(-3 - -4)*x?
4
Let y(x) = 413*x - 3. Let l(f) = 138*f - 1. Let q = -61 + 53. Let m(h) = q*l(h) + 3*y(h). What is the tens digit of m(1)?
3
Let j be -4*1*2/(-4). Let d be (-1846)/142 + 25 + -4. Suppose -z - d*f + 236 = -13*f, -445 = -j*z + f. What is the tens digit of z?
2
Let l be 1334/((-20 + 6)/(-7)). Let v = l + -196. What is the units digit of v?
1
Let q = -80 + 79. Let x be 0/(-2) - q - (-64 - 42). Let h = 213 - x. What is the hundreds digit of h?
1
Suppose 3*t - a - 17302 = 0, 5*a + 16 + 4 = 0. What is the tens digit of t?
6
Suppose y = -7*y + 80. Suppose -266 - 724 = -y*v. What is the units digit of v?
9
Suppose 68*m - 1870 = 57*m. Suppose 8*v + m = 466. What is the tens digit of v?
3
Let b = 23 - 12. Let c(f) = -f**2 + 12*f - 8. Let o be c(b). Suppose 5*v = 15, -o*v + 5 = -u + 37. What is the tens digit of u?
4
Suppose 0 = -182*f + 86*f + 4430400. What is the hundreds digit of f?
1
Let u(b) = 155*b - 26. Let a be (-37)/(-7) + 6/(-21). What is the units digit of u(a)?
9
Suppose -j - 85 = -82, 0 = 4*a + j - 19189. What is the hundreds digit of a?
7
Let s be ((-9)/(-12))/(4/16). Suppose 4*v - n - 828 = 3*n, -4*v + 833 = -s*n. What is the units digit of v?
2
Suppose -5*y - 2*u = -2235, -6*y = -7*y - 2*u + 447. What is the hundreds digit of y?
4
Suppose 22*f = -114*f - 161*f + 20026413. What is the thousands digit of f?
7
What is the tens digit of (5180/42)/(24/612)?
4
Suppose 9062 = 4*d - 2*r, 34*d + 3*r = 29*d + 11322. What is the thousands digit of d?
2
Let u(p) = p + 2. Let h(s) = 213*s + 49. Let m(w) = h(w) - 3*u(w). What is the units digit of m(2)?
3
Suppose 13*j - 5*j - 16 = 0. Suppose 0 = -3*q - i + 17, j*q - q - 3*i + 11 = 0. Suppose q*b - 2*b + 2*z = 68, 3*z = -3. What is the units digit of b?
5
Suppose -71*t + 252556 = -122679. What is the tens digit of t?
8
Let q(v) = 11*v**2 + 1. Let u be q(-1). Let s be ((-36)/7)/(63/588). What is the tens digit of 3/(u/16) + s/(-4)?
1
Suppose 13 - 19 = -2*c. Suppose -3*g + m + 477 = -2*m, -5*m = c*g - 501. What is the tens digit of g?
6
Suppose 0 = -43415*k + 43438*k - 860982. What is the ten thousands digit of k?
3
Let p = 48 + -49. Let x be 3/(p/3*-3). Suppose 0 = -5*y + 5*f + 25, x*f = -2*y - 2*y + 20. What is the units digit of y?
5
Suppose -5*f + d = -26, -2*d - 22 = -5*f + 5. Suppose 0 = 2*y - f*r + 10*r - 864, -864 = -2*y + 3*r. What is the units digit of y?
2
Suppose t - 18 = -9. Suppose -391 = -t*x + 6341. What is the units digit of x?
8
Let u(w) = w**2 + 7*w - 5. Let i be u(4). Suppose -i*t = -38*t - 420. What is the hundreds digit of t?
4
Suppose b - 29 = -4*b + 3*s, 5*s + 3 = -3*b. Suppose -240 = l - b*n - 0, 2*l + n = -507. What is the tens digit of 4 - (5 - 3) - l/2?
2
Let t = -32 - -37. Suppose 221 = t*j - 799. Suppose 0 = 77*n - 73*n - j. What is the tens digit of n?
5
Let x(v) = 89*v**3 + 118*v - 36. What is the hundreds digit of x(8)?
4
Suppose -83*c + 16030 = -81*c. What is the units digit of c?
5
Suppose 4*h = 20, -2*m + 5*h + 43554 = -9429. What is the thousands digit of m?
6
Let j = 9930 - 4656. Suppose 116*f - j = 107*f. What is the tens digit of f?
8
Let o(y) = 5*y + 117. Let g be o(-17). What is the units digit of ((-2346)/(-8))/(3 - 84/g)?
2
Suppose 2*f - 2 = -b + 3, -3*b + 3*f + 33 = 0. Suppose b*n + 5032 = 17*n. What is the tens digit of n?
2
Let n = 18 - -1464. What is the thousands digit of n?
1
Let b(s) = 191*s**3 - 2*s**2 + 9*s - 21. Suppose -21*w + 13*w + 16 = 0. What is the tens digit of b(w)?
1
Let n be -3*1*(-34040)/276. What is the tens digit of (-42)/(-10)*11/(22/n)?
7
Let g = -7242 + 27456. What is the units digit of g?
4
Let z(v) = -6*v - 24. Let g be z(-4). Suppose 4*n + 5*a - 352 = 0, 5*n + 5*a + 218 - 653 = g. What is the units digit of n?
3
Suppose 5*a + 5 = 0, -3*a + a = -g - 969. Let r = 2066 + g. What is the tens digit of r?
9
Let s(k) = -23*k + 143. Let v be s(6). Suppose v*i - 1008 = -o, -6*o + o - 2*i = -5040. What is the tens digit of o?
0
Suppose -4*g + 9 = -10*b + 5*b, -4*g = 2*b - 2. What is the tens digit of (-9498)/(-9) + g - (-56)/(-42)?
5
Let t(k) = 22*k + 95. Let h(n) = 7*n + 32. Let i(s) = -7*h(s) + 2*t(s). Let g be i(-8). Let z(x) = 14*x + 16. What is the tens digit of z(g)?
0
Suppose 0 = -9*h - 15*h + 80079 + 129609. What is the tens digit of h?
3
Suppose 4*a = 4*o, -o + 3*o + 9 = 5*a. Let t(q) = 19*q + 3*q**2 - q - a*q + 6*q - 3. What is the tens digit of t(-9)?
5
Let n = 56440 + 8341. What is the hundreds digit of n?
7
Let c(i) = -i**3 - 15*i**2 + 2*i + 16. Let o be c(-15). Let x be 5 + o - (-3 + 0). What is the tens digit of (190/(-15))/(x/9)?
1
Suppose -o = -3*c - 9, 2*o + 9 = -3*c + 6*o. What is the tens digit of c + (667 - -1) + -4?
6
Let p = 81907 + -53073. What is the tens digit of p?
3
Let l(m) be the first derivative of m**3/3 - m**2/2 - 2*m + 17. What is the hundreds digit of l(-22)?
5
Let x = -253 + 357. Let k = 453 - x. Suppose h = -2*h - 2*l + k, l - 577 = -5*h. What is the units digit of h?
5
Suppose -3*w - 81 = -3*i, -3*i - 7*w = -4*w - 99. Suppose -i*b + 13674 = -6786. What is the hundreds digit of b?
6
Let b(l) = 2*l**2 - 6*l - 31. Let g be 21*(-1 - 3/(-9)). What is the hundreds digit of b(g)?
4
Let u = 80 + -74. Let b be (-114)/4*(-4)/u. Suppose -b = t - 103. What is the units digit of t?
4
Suppose -6490 - 2500 = -29*y. Let k = -181 + 16. Let g = k + y. What is the tens digit of g?
4
Let w(b) = b**3 - 44*b**2 + 57*b + 1291. What is the ten thousands digit of w(48)?
1
Let b(v) = -15*v**3 + 3*v**2 - 3*v + 33. What is the thousands digit of b(-8)?
7
Suppose -6*j - 13*j - j + 500400 = 0. What is the units digit of j?
0
Let m(f) = -7676*f - 9910. What is the units digit of m(-5)?
0
Let u = -14 + 18. Suppose 0 = -2*l - i + 738, -3*l - u*i = -i - 1104. What is the tens digit of l?
7
Let q be 39/7 - (-6)/14. What is the units digit of 195/(-6)*(q + (-1068)/30)?
2
Let p(v) = 34890*v**2 + 33*v - 31. Let y be p(1). Suppose 0 = 24*x - 2*x - y. What is the hundreds digit of x?
5
Let c(z) = -z + 8. Let l be c(7). Suppose 3 = 2*w - 21. What is the tens digit of (4/(-6))/((w/(-2358))/l)?
3
Suppose -5*n - 2*i = -4*i - 12, 4 = -2*n + 3*i. Suppose 3*s + h = 71, s - 2*h = n*s - 76. Suppose 274 = 4*u - s. What is the tens digit of u?
7
Let d(k) = -2*k**2 + 26. Let v be d(-6). Let u be v/(-10) - 16/(-40). Suppose 187 = 3*i + 5*g, 4*i - u*g - 245 = -i. What is the units digit of i?
4
Suppose 39 - 15 = -3*c. What is the tens digit of 4 + (-68)/c*4 - 3?
3
Let t = -13851 - -22793. What is the tens digit of t?
4
Suppose -2*w - 3*x = -222 + 741, -1078 = 4*w - 2*x. Let m = 285 + w. What is the tens digit of m?
1
Suppose 18753 + 94498 + 10493 = 4*z. What is the tens digit of z?
3
What is the units digit of (74/(-72) + 4/(-18))/(1331/(-63813464))?
0
Suppose 6204 = 4*l + 4*v, 1885 - 332 = l + 2*v. What is the thousands digit of l?
1
Suppose 996 = -3*w - 5*g, -5*w = -4*w - 3*g + 332. Let h = 475 + w. What is the hundreds digit of h?
1
Suppose 144929 = 49*u - 286075. What is the thousands digit of u?
8
Suppose -5*f = 22 + 3, 0 = 4*o - 3*f - 495. Suppose -13*s - o = -s. What is the units digit of 1*3/(-5) - 1346/s?
4
Let i = 901 - -6010. What is the hundreds digit of i?
9
Let b(q) = 40 - 3*q**2 - q**2 + 135 + 115. Let v be b(0). Suppose 8*o = 13*o - v. What is the tens digit of o?
5
Suppose 0 = -1220*k + 1208*k + 329928. What is the ten thousands digit of k?
2
Suppose 0 = -11*y + 18*y - 672. Let l = -20 + y. Let p = 162 - l. What is the tens digit of p?
8
Let b = 2 + -52. Let z be b + -2 + 2 + (2 - 2). Let f = 31 - z. What is the units digit of f?
1
Let b be ((-1437)/6)/(46/48 + -1). What is the hundreds digit of (-40)/(-30)*b/8?